{"id":8004,"date":"2025-11-25T17:25:16","date_gmt":"2025-11-25T16:25:16","guid":{"rendered":"https:\/\/bullfrog-bikes.com\/?post_type=product&#038;p=8004"},"modified":"2025-11-25T17:25:17","modified_gmt":"2025-11-25T16:25:17","slug":"velo-vtc-700-cloot-adventure-7-1-disc","status":"publish","type":"product","link":"https:\/\/bullfrog-bikes.com\/index.php\/product\/velo-vtc-700-cloot-adventure-7-1-disc\/","title":{"rendered":"V\u00c9LO VTC 700 CLOOT ADVENTURE 7.1 Disc"},"content":{"rendered":"<h4>CADRE EN ALUMINIUM<\/h4>\n<p>Son cadre en aluminium 6061 hydroform\u00e9 rend ce v\u00e9lo tr\u00e8s l\u00e9ger et r\u00e9sistant. Ce cadre est est specialement con\u00e7u pour le cyclotourisme o\u00f9 le dos reste dans une position plus droite et confortable afin de vous accompagner sur des longs trajets.<\/p>\n<h4>TRANSMISSION SHIMANO<\/h4>\n<p>Le v\u00e9lo Cloot VTC adventure 7.1 Disc est \u00e9quip\u00e9 d&rsquo;une transmission Shimano Altus \u00e0 24 vitesses qui permet de profiter d&rsquo;un changement de vitesse souple et pr\u00e9cis, adapt\u00e9 aux cyclistes les plus exigeants, et de disposer d&rsquo;un braquet suffisant pour toutes les situations lors de vos randonn\u00e9es en v\u00e9lo hybride.<\/p>\n<h4>PNEUS 700X35 (28&Prime;) AVEC JANTE \u00c0 DOUBLE PAROI ET FREINS \u00c0 DISQUE<\/h4>\n<p>Les v\u00e9los Cloot Adventure 7.1 Disc sont \u00e9quip\u00e9s de roues Evolution Tech 28&Prime; en aluminium \u00e0 double paroi et de pneus qui, associ\u00e9s aux freins disc, vous offriront une s\u00e9curit\u00e9 et un contr\u00f4le accrus sur votre v\u00e9lo hybride.<\/p>\n<h4>FOURCHE SONTOUR NEX, R\u00c9GLABLE ET VERROUILLABLE<\/h4>\n<p>Sa nouvelle fourche Sontour Nex, dot\u00e9e d&rsquo;un d\u00e9battement de 63 mm et avec blocage, vous offrira un excellent contr\u00f4le et un grand confort, notamment sur des surfaces plus exigeantes que la ville, afin que vous puissiez explorer tous les endroits que vous souhaitez avec vos v\u00e9los hybrides Cloot.<\/p>\n<h4>FICHE TECHNIQUE<\/h4>\n<p><strong>Cadre<\/strong>\u00a0Aluminium 6061 700C. Cadre valable pour une hauteur comprise entre M(1,63-1,78); L(1,77-1,86)<br \/>\n<strong>Fourche<\/strong>\u00a0Sontour Nex 700C 63MM Verrouillage<br \/>\n<strong>Jeu de direction<\/strong>\u00a0Neco H-142 1.1\/8 Semi-int\u00e9gr\u00e9<br \/>\n<strong>Potence<\/strong>\u00a0Aluminium EVOLUTION TECH 90&#215;31.4<br \/>\n<strong>Guidon<\/strong>\u00a0EVOLUTION TECH 680MMX31.8<br \/>\n<strong>D\u00e9railleur derri\u00e8re<\/strong>\u00a0SHIMANO ALTUS 8 pignons<br \/>\n<strong>D\u00e9railleur avant<\/strong>\u00a0SHIMANO Tourney<br \/>\n<strong>L\u00e9viers<\/strong>\u00a0SHIMANO M315<br \/>\n<strong>Freins<\/strong>\u00a0EVOLUTION TECH Disque m\u00e9canique 160mm<br \/>\n<strong>Manivelle<\/strong>\u00a0Shimano 22\/34\/42<br \/>\n<strong>Cassette<\/strong>\u00a0SUNRUN 11-32<br \/>\n<strong>Chaine<\/strong>\u00a0YABAN 8v<br \/>\n<strong>Roues<\/strong>\u00a0EVOLUTION TECH, aluminium \u00e0 double paroi 700 32 rayons<br \/>\n<strong>Pneus<\/strong>\u00a0700x35c Sans bande r\u00e9fl\u00e9chissante (sans photo)<br \/>\n<strong>Pedales<\/strong>\u00a0City<br \/>\n<strong>Selle<\/strong>\u00a0Vacum Noir<br \/>\n<strong>Tige selle<\/strong>\u00a0Aluminium EVOLUTION TECH 27,2x350mm<br \/>\n<strong>Pedalier<\/strong>\u00a0Semi-scell\u00e9 119mm<\/p>\n<p>####POIDS:<br \/>\n15.5 Kg<\/p>\n<h4>GUIDE DES TAILLES<\/h4>\n<p>1,63 m &lt; taille &lt; 1,78 m (M)<br \/>\n1,77 m &lt; taille &lt; 1,86 m (L)<br \/>\n.<br \/>\n*NB. La photo montre l&rsquo;ensemble du produit. Veuillez bien consulter la fiche technique pour conna\u00eetre les detailles de chaque composant.<\/p>\n<p>Assemblage du v\u00e9lo : 85%<\/p>\n<h4>Garantie<\/h4>\n<p>La garantie sur ce v\u00e9lo est de 2 ans pour les d\u00e9fauts de fabrication des composants et de 10 ans pour le cadre.<\/p>\n<h4>Les retours :<\/h4>\n<p>-La bo\u00eete d&rsquo;origine et les protections du v\u00e9lo sont indispensables.<br \/>\n-Nous n&rsquo;acceptons pas les retours de bicyclettes usag\u00e9es.<\/p>\n","protected":false},"excerpt":{"rendered":"<p>Ce mod\u00e8le de v\u00e9lo Cloot Adventure 7.1 DISC avec roues de 28 pouces est particuli\u00e8rement adapt\u00e9 aux rues de ville et aux chemins de terre battue.<\/p>\n","protected":false},"featured_media":8006,"comment_status":"open","ping_status":"closed","template":"","meta":[],"product_cat":[49],"product_tag":[],"class_list":{"0":"post-8004","1":"product","2":"type-product","3":"status-publish","4":"has-post-thumbnail","6":"product_cat-velos-de-ville","8":"first","9":"instock","10":"sale","11":"shipping-taxable","12":"purchasable","13":"product-type-simple"},"jetpack_sharing_enabled":true,"_links":{"self":[{"href":"https:\/\/bullfrog-bikes.com\/index.php\/wp-json\/wp\/v2\/product\/8004","targetHints":{"allow":["GET"]}}],"collection":[{"href":"https:\/\/bullfrog-bikes.com\/index.php\/wp-json\/wp\/v2\/product"}],"about":[{"href":"https:\/\/bullfrog-bikes.com\/index.php\/wp-json\/wp\/v2\/types\/product"}],"replies":[{"embeddable":true,"href":"https:\/\/bullfrog-bikes.com\/index.php\/wp-json\/wp\/v2\/comments?post=8004"}],"wp:featuredmedia":[{"embeddable":true,"href":"https:\/\/bullfrog-bikes.com\/index.php\/wp-json\/wp\/v2\/media\/8006"}],"wp:attachment":[{"href":"https:\/\/bullfrog-bikes.com\/index.php\/wp-json\/wp\/v2\/media?parent=8004"}],"wp:term":[{"taxonomy":"product_cat","embeddable":true,"href":"https:\/\/bullfrog-bikes.com\/index.php\/wp-json\/wp\/v2\/product_cat?post=8004"},{"taxonomy":"product_tag","embeddable":true,"href":"https:\/\/bullfrog-bikes.com\/index.php\/wp-json\/wp\/v2\/product_tag?post=8004"}],"curies":[{"name":"wp","href":"https:\/\/api.w.org\/{rel}","templated":true}]}}